CRAN Package Check Results for Package simfinapi

Last updated on 2021-01-20 03:48:21 CET.

Flavor Version Tinstall Tcheck Ttotal Status Flags
r-devel-linux-x86_64-debian-clang 0.1.0 3.65 39.08 42.73 OK
r-devel-linux-x86_64-debian-gcc 0.1.0 2.81 30.30 33.11 OK
r-devel-linux-x86_64-fedora-clang 0.1.0 60.89 OK
r-devel-linux-x86_64-fedora-gcc 0.1.0 50.28 OK
r-devel-windows-ix86+x86_64 0.1.0 8.00 53.00 61.00 OK
r-patched-linux-x86_64 0.1.0 3.75 37.86 41.61 OK
r-release-linux-x86_64 0.1.0 3.90 37.64 41.54 OK
r-release-macos-x86_64 0.1.0 OK
r-release-windows-ix86+x86_64 0.1.0 8.00 47.00 55.00 OK
r-oldrel-macos-x86_64 0.1.0 ERROR
r-oldrel-windows-ix86+x86_64 0.1.0 0.00 5.00 5.00 ERROR

Check Details

Version: 0.1.0
Check: package dependencies
Result: ERROR
    Package required and available but unsuitable version: ‘RcppSimdJson’
    
    See section ‘The DESCRIPTION file’ in the ‘Writing R Extensions’
    manual.
Flavor: r-oldrel-macos-x86_64

Version: 0.1.0
Check: package dependencies
Result: ERROR
    Package required but not available: 'RcppSimdJson'
    
    See section 'The DESCRIPTION file' in the 'Writing R Extensions'
    manual.
Flavor: r-oldrel-windows-ix86+x86_64