CRAN Package Check Results for Package simExam

Last updated on 2024-05-24 08:55:46 CEST.

Flavor Version Tinstall Tcheck Ttotal Status Flags
r-devel-linux-x86_64-debian-clang 1.0.0 7.16 65.54 72.70 NOTE
r-devel-linux-x86_64-debian-gcc 1.0.0 5.58 47.52 53.10 NOTE
r-devel-linux-x86_64-fedora-clang 1.0.0 87.80 NOTE
r-devel-linux-x86_64-fedora-gcc 1.0.0 85.73 NOTE
r-devel-windows-x86_64 1.0.0 7.00 64.00 71.00 NOTE
r-patched-linux-x86_64 1.0.0 8.71 62.75 71.46 NOTE
r-release-linux-x86_64 1.0.0 7.87 62.50 70.37 NOTE
r-release-macos-arm64 1.0.0 29.00 NOTE
r-release-windows-x86_64 1.0.0 7.00 64.00 71.00 NOTE
r-oldrel-macos-arm64 1.0.0 33.00 NOTE
r-oldrel-macos-x86_64 1.0.0 48.00 NOTE
r-oldrel-windows-x86_64 1.0.0 9.00 74.00 83.00 NOTE

Check Details

Version: 1.0.0
Check: LazyData
Result: NOTE 'LazyData' is specified without a 'data' directory Flavors: r-devel-linux-x86_64-debian-clang, r-devel-linux-x86_64-debian-gcc, r-devel-linux-x86_64-fedora-clang, r-devel-linux-x86_64-fedora-gcc, r-devel-windows-x86_64, r-patched-linux-x86_64, r-release-linux-x86_64, r-release-macos-arm64, r-release-windows-x86_64, r-oldrel-macos-arm64, r-oldrel-macos-x86_64, r-oldrel-windows-x86_64