CRAN Package Check Results for Package sigr

Last updated on 2021-06-13 11:49:19 CEST.

Flavor Version Tinstall Tcheck Ttotal Status Flags
r-devel-linux-x86_64-debian-clang 1.1.3 5.64 47.95 53.59 NOTE
r-devel-linux-x86_64-debian-gcc 1.1.3 3.69 37.72 41.41 NOTE
r-devel-linux-x86_64-fedora-clang 1.1.4 83.49 OK
r-devel-linux-x86_64-fedora-gcc 1.1.4 65.09 OK
r-devel-windows-x86_64 1.1.3 9.00 68.00 77.00 NOTE
r-devel-windows-x86_64-gcc10-UCRT 1.1.3 NOTE
r-patched-linux-x86_64 1.1.3 5.74 47.21 52.95 NOTE
r-patched-solaris-x86 1.1.4 85.00 OK
r-release-linux-x86_64 1.1.4 4.64 46.49 51.13 OK
r-release-macos-arm64 1.1.3 NOTE
r-release-macos-x86_64 1.1.3 NOTE
r-release-windows-ix86+x86_64 1.1.3 7.00 70.00 77.00 NOTE
r-oldrel-macos-x86_64 1.1.3 OK
r-oldrel-windows-ix86+x86_64 1.1.3 8.00 67.00 75.00 OK

Check Details

Version: 1.1.3
Check: LazyData
Result: NOTE
     'LazyData' is specified without a 'data' directory
Flavors: r-devel-linux-x86_64-debian-clang, r-devel-linux-x86_64-debian-gcc, r-devel-windows-x86_64, r-devel-windows-x86_64-gcc10-UCRT, r-patched-linux-x86_64, r-release-macos-arm64, r-release-macos-x86_64, r-release-windows-ix86+x86_64