Last updated on 2022-05-20 11:51:14 CEST.
Flavor | Version | Tinstall | Tcheck | Ttotal | Status | Flags |
---|---|---|---|---|---|---|
r-devel-linux-x86_64-debian-clang | 0.8.0 | 92.09 | 133.84 | 225.93 | WARN | |
r-devel-linux-x86_64-debian-gcc | 0.8.0 | 73.63 | 99.60 | 173.23 | OK | |
r-devel-linux-x86_64-fedora-clang | 0.8.0 | 298.52 | WARN | |||
r-devel-linux-x86_64-fedora-gcc | 0.8.0 | 282.39 | OK | |||
r-devel-windows-x86_64 | 0.8.0 | 106.00 | 182.00 | 288.00 | OK | |
r-patched-linux-x86_64 | 0.8.0 | 75.00 | 129.92 | 204.92 | OK | |
r-release-linux-x86_64 | 0.8.0 | 76.69 | 128.70 | 205.39 | OK | |
r-release-macos-arm64 | 0.8.0 | 70.00 | NOTE | |||
r-release-macos-x86_64 | 0.8.0 | 97.00 | NOTE | |||
r-release-windows-x86_64 | 0.8.0 | 131.00 | 181.00 | 312.00 | OK | |
r-oldrel-macos-arm64 | 0.8.0 | 64.00 | NOTE | |||
r-oldrel-macos-x86_64 | 0.8.0 | 100.00 | NOTE | |||
r-oldrel-windows-ix86+x86_64 | 0.8.0 | 215.00 | 219.00 | 434.00 | OK |
Version: 0.8.0
Check: whether package can be installed
Result: WARN
Found the following significant warnings:
optimBlocks.cpp:12:8: warning: use of bitwise '&' with boolean operands [-Wbitwise-instead-of-logical]
optimBlocks.cpp:15:8: warning: use of bitwise '&' with boolean operands [-Wbitwise-instead-of-logical]
optimBlocks.cpp:30:8: warning: use of bitwise '&' with boolean operands [-Wbitwise-instead-of-logical]
optimBlocks.cpp:33:8: warning: use of bitwise '&' with boolean operands [-Wbitwise-instead-of-logical]
optimBlocks.cpp:36:8: warning: use of bitwise '&' with boolean operands [-Wbitwise-instead-of-logical]
optimBlocks.cpp:39:8: warning: use of bitwise '&' with boolean operands [-Wbitwise-instead-of-logical]
optimBlocks.cpp:48:8: warning: use of bitwise '&' with boolean operands [-Wbitwise-instead-of-logical]
optimBlocks.cpp:51:8: warning: use of bitwise '&' with boolean operands [-Wbitwise-instead-of-logical]
optimBlocks.cpp:54:8: warning: use of bitwise '&' with boolean operands [-Wbitwise-instead-of-logical]
optimBlocks.cpp:57:8: warning: use of bitwise '&' with boolean operands [-Wbitwise-instead-of-logical]
optimBlocksGen.cpp:12:8: warning: use of bitwise '&' with boolean operands [-Wbitwise-instead-of-logical]
optimBlocksGen.cpp:20:8: warning: use of bitwise '&' with boolean operands [-Wbitwise-instead-of-logical]
triadCensus.cpp:53:26: warning: use of bitwise '&' with boolean operands [-Wbitwise-instead-of-logical]
Flavors: r-devel-linux-x86_64-debian-clang, r-devel-linux-x86_64-fedora-clang
Version: 0.8.0
Check: installed package size
Result: NOTE
installed size is 5.0Mb
sub-directories of 1Mb or more:
libs 3.4Mb
Flavors: r-release-macos-arm64, r-release-macos-x86_64, r-oldrel-macos-arm64, r-oldrel-macos-x86_64