CRAN Package Check Results for Package sigminer

Last updated on 2021-03-06 07:53:31 CET.

Flavor Version Tinstall Tcheck Ttotal Status Flags
r-devel-linux-x86_64-debian-clang 1.2.5 44.77 262.70 307.47 OK
r-devel-linux-x86_64-debian-gcc 1.2.5 30.22 190.32 220.54 OK
r-devel-linux-x86_64-fedora-clang 1.2.5 387.94 OK
r-devel-linux-x86_64-fedora-gcc 1.2.5 369.54 OK
r-devel-windows-ix86+x86_64 1.2.5 93.00 402.00 495.00 NOTE
r-patched-linux-x86_64 1.2.5 OK
r-patched-solaris-x86 1.2.5 425.00 OK
r-release-linux-x86_64 1.2.5 37.67 240.36 278.03 OK
r-release-macos-x86_64 1.2.5 ERROR
r-release-windows-ix86+x86_64 1.2.5 65.00 336.00 401.00 NOTE
r-oldrel-macos-x86_64 1.2.5 ERROR
r-oldrel-windows-ix86+x86_64 1.2.5 54.00 329.00 383.00 OK

Additional issues

donttest

Check Details

Version: 1.2.5
Check: installed package size
Result: NOTE
     installed size is 5.6Mb
     sub-directories of 1Mb or more:
     extdata 1.1Mb
     libs 2.0Mb
Flavors: r-devel-windows-ix86+x86_64, r-release-windows-ix86+x86_64

Version: 1.2.5
Check: package dependencies
Result: ERROR
    Package required but not available: ‘maftools’
    
    Package suggested but not available for checking: ‘copynumber’
    
    See section ‘The DESCRIPTION file’ in the ‘Writing R Extensions’
    manual.
Flavor: r-release-macos-x86_64

Version: 1.2.5
Check: package dependencies
Result: ERROR
    Package required but not available: ‘maftools’
    
    Package suggested but not available for checking: ‘BSgenome.Hsapiens.UCSC.hg19’
    
    See section ‘The DESCRIPTION file’ in the ‘Writing R Extensions’
    manual.
Flavor: r-oldrel-macos-x86_64