Last updated on 2021-02-28 11:52:05 CET.
Flavor | Version | Tinstall | Tcheck | Ttotal | Status | Flags |
---|---|---|---|---|---|---|
r-devel-linux-x86_64-debian-clang | 0.1.5 | 4.33 | 54.01 | 58.34 | OK | |
r-devel-linux-x86_64-debian-gcc | 0.1.5 | 3.89 | 40.79 | 44.68 | OK | |
r-devel-linux-x86_64-fedora-clang | 0.1.5 | 80.95 | NOTE | |||
r-devel-linux-x86_64-fedora-gcc | 0.1.5 | 68.86 | NOTE | |||
r-devel-windows-ix86+x86_64 | 0.1.5 | 9.00 | 65.00 | 74.00 | OK | |
r-patched-linux-x86_64 | 0.1.5 | 3.79 | 52.11 | 55.90 | OK | |
r-patched-solaris-x86 | 0.1.5 | 101.00 | NOTE | |||
r-release-linux-x86_64 | 0.1.5 | 4.90 | 51.59 | 56.49 | OK | |
r-release-macos-x86_64 | 0.1.5 | NOTE | ||||
r-release-windows-ix86+x86_64 | 0.1.5 | 13.00 | 77.00 | 90.00 | OK | |
r-oldrel-macos-x86_64 | 0.1.5 | NOTE | ||||
r-oldrel-windows-ix86+x86_64 | 0.1.5 | 8.00 | 78.00 | 86.00 | OK |
Version: 0.1.5
Check: data for non-ASCII characters
Result: NOTE
Note: found 28 marked UTF-8 strings
Flavors: r-devel-linux-x86_64-fedora-clang, r-devel-linux-x86_64-fedora-gcc, r-patched-solaris-x86, r-release-macos-x86_64, r-oldrel-macos-x86_64