CRAN Package Check Results for Package shinyquiz

Last updated on 2024-06-13 00:55:32 CEST.

Flavor Version Tinstall Tcheck Ttotal Status Flags
r-devel-linux-x86_64-debian-clang 0.0.1 4.98 33.40 38.38 OK
r-devel-linux-x86_64-debian-gcc 0.0.1 0.62 1.53 2.15 ERROR
r-devel-linux-x86_64-fedora-clang 0.0.1 47.96 OK
r-devel-linux-x86_64-fedora-gcc 0.0.1 44.57 OK
r-devel-windows-x86_64 0.0.1 6.00 48.00 54.00 OK
r-patched-linux-x86_64 0.0.1 4.48 32.15 36.63 OK
r-release-linux-x86_64 0.0.1 2.79 32.32 35.11 OK
r-release-macos-arm64 0.0.1 17.00 OK
r-release-macos-x86_64 0.0.1 29.00 OK
r-release-windows-x86_64 0.0.1 6.00 49.00 55.00 OK
r-oldrel-macos-arm64 0.0.1 31.00 OK
r-oldrel-macos-x86_64 0.0.1 39.00 OK
r-oldrel-windows-x86_64 0.0.1 7.00 51.00 58.00 OK

Check Details

Version: 0.0.1
Check: package dependencies
Result: ERROR Packages required but not available: 'purrr', 'stringr' Package suggested but not available for checking: ‘testthat’ See section ‘The DESCRIPTION file’ in the ‘Writing R Extensions’ manual. Flavor: r-devel-linux-x86_64-debian-gcc