CRAN Package Check Results for Package shinymaterial

Last updated on 2021-06-17 15:49:22 CEST.

Flavor Version Tinstall Tcheck Ttotal Status Flags
r-devel-linux-x86_64-debian-clang 1.2.0 3.45 31.02 34.47 NOTE
r-devel-linux-x86_64-debian-gcc 1.2.0 2.75 24.83 27.58 NOTE
r-devel-linux-x86_64-fedora-clang 1.2.0 50.64 NOTE
r-devel-linux-x86_64-fedora-gcc 1.2.0 41.05 NOTE
r-devel-windows-x86_64 1.2.0 7.00 50.00 57.00 NOTE
r-devel-windows-x86_64-gcc10-UCRT 1.2.0 NOTE
r-patched-linux-x86_64 1.2.0 3.54 30.41 33.95 NOTE
r-patched-solaris-x86 1.2.0 61.20 NOTE
r-release-linux-x86_64 1.2.0 2.79 30.68 33.47 NOTE
r-release-macos-arm64 1.2.0 NOTE
r-release-macos-x86_64 1.2.0 NOTE
r-release-windows-ix86+x86_64 1.2.0 8.00 54.00 62.00 NOTE
r-oldrel-macos-x86_64 1.2.0 OK
r-oldrel-windows-ix86+x86_64 1.2.0 6.00 49.00 55.00 OK

Check Details

Version: 1.2.0
Check: LazyData
Result: NOTE
     'LazyData' is specified without a 'data' directory
Flavors: r-devel-linux-x86_64-debian-clang, r-devel-linux-x86_64-debian-gcc, r-devel-linux-x86_64-fedora-clang, r-devel-linux-x86_64-fedora-gcc, r-devel-windows-x86_64, r-devel-windows-x86_64-gcc10-UCRT, r-patched-linux-x86_64, r-patched-solaris-x86, r-release-linux-x86_64, r-release-macos-arm64, r-release-macos-x86_64, r-release-windows-ix86+x86_64