Last updated on 2025-04-30 17:01:04 CEST.
Flavor | Version | Tinstall | Tcheck | Ttotal | Status | Flags |
---|---|---|---|---|---|---|
r-devel-linux-x86_64-debian-clang | 1.0.0 | 3.92 | 33.35 | 37.27 | OK | |
r-devel-linux-x86_64-debian-gcc | 1.0.0 | 2.86 | 26.11 | 28.97 | OK | |
r-devel-linux-x86_64-fedora-clang | 1.0.0 | 60.31 | OK | |||
r-devel-linux-x86_64-fedora-gcc | 1.0.0 | 53.23 | OK | |||
r-devel-windows-x86_64 | 1.0.0 | 5.00 | 56.00 | 61.00 | OK | |
r-patched-linux-x86_64 | 1.0.0 | 3.71 | 31.00 | 34.71 | OK | |
r-release-linux-x86_64 | 1.0.0 | 3.12 | 31.42 | 34.54 | OK | |
r-release-macos-arm64 | 1.0.0 | 25.00 | OK | |||
r-release-macos-x86_64 | 1.0.0 | 36.00 | OK | |||
r-release-windows-x86_64 | 1.0.0 | 6.00 | 56.00 | 62.00 | OK | |
r-oldrel-macos-arm64 | 1.0.0 | 20.00 | NOTE | |||
r-oldrel-macos-x86_64 | 1.0.0 | 30.00 | NOTE | |||
r-oldrel-windows-x86_64 | 1.0.0 | 7.00 | 58.00 | 65.00 | NOTE |
Version: 1.0.0
Check: LazyData
Result: NOTE
'LazyData' is specified without a 'data' directory
Flavors: r-oldrel-macos-arm64, r-oldrel-macos-x86_64, r-oldrel-windows-x86_64