CRAN Package Check Results for Package shinyNotes

Last updated on 2024-07-14 20:51:11 CEST.

Flavor Version Tinstall Tcheck Ttotal Status Flags
r-devel-linux-x86_64-debian-clang 0.0.2 5.62 52.13 57.75 OK
r-devel-linux-x86_64-debian-gcc 0.0.2 4.08 38.76 42.84 OK
r-devel-linux-x86_64-fedora-clang 0.0.2 72.08 OK
r-devel-linux-x86_64-fedora-gcc 0.0.2 79.22 OK
r-devel-windows-x86_64 0.0.2 6.00 62.00 68.00 NOTE
r-patched-linux-x86_64 0.0.2 12.01 47.36 59.37 OK
r-release-linux-x86_64 0.0.2 3.32 48.42 51.74 OK
r-release-macos-arm64 0.0.2 31.00 OK
r-release-macos-x86_64 0.0.2 45.00 OK
r-release-windows-x86_64 0.0.2 6.00 60.00 66.00 OK
r-oldrel-macos-arm64 0.0.2 29.00 OK
r-oldrel-macos-x86_64 0.0.2 53.00 OK
r-oldrel-windows-x86_64 0.0.2 8.00 69.00 77.00 OK

Check Details

Version: 0.0.2
Check: Rd cross-references
Result: NOTE Found the following Rd file(s) with Rd \link{} targets missing package anchors: connect_sqlite.Rd: RSQLite, DBI create_schema.Rd: RSQLite, DBI db.read_table.Rd: DBI, tibble db.write_table.Rd: DBI shinynotes.Rd: DBI Please provide package anchors for all Rd \link{} targets not in the package itself and the base packages. Flavor: r-devel-windows-x86_64