CRAN Package Check Results for Package shinyML

Last updated on 2024-06-16 00:58:31 CEST.

Flavor Version Tinstall Tcheck Ttotal Status Flags
r-devel-linux-x86_64-debian-clang 1.0.1 14.49 117.61 132.10 NOTE
r-devel-linux-x86_64-debian-gcc 1.0.1 13.62 84.22 97.84 NOTE
r-devel-linux-x86_64-fedora-clang 1.0.1 163.27 NOTE
r-devel-linux-x86_64-fedora-gcc 1.0.1 152.36 NOTE
r-devel-windows-x86_64 1.0.1 15.00 91.00 106.00 NOTE
r-patched-linux-x86_64 1.0.1 15.84 110.40 126.24 NOTE
r-release-linux-x86_64 1.0.1 10.59 109.22 119.81 NOTE
r-release-macos-arm64 1.0.1 43.00 NOTE
r-release-macos-x86_64 1.0.1 68.00 NOTE
r-release-windows-x86_64 1.0.1 14.00 92.00 106.00 NOTE
r-oldrel-macos-arm64 1.0.1 44.00 NOTE
r-oldrel-macos-x86_64 1.0.1 86.00 NOTE
r-oldrel-windows-x86_64 1.0.1 18.00 113.00 131.00 NOTE

Check Details

Version: 1.0.1
Check: LazyData
Result: NOTE 'LazyData' is specified without a 'data' directory Flavors: r-devel-linux-x86_64-debian-clang, r-devel-linux-x86_64-debian-gcc, r-devel-linux-x86_64-fedora-clang, r-devel-linux-x86_64-fedora-gcc, r-devel-windows-x86_64, r-patched-linux-x86_64, r-release-linux-x86_64, r-release-macos-arm64, r-release-macos-x86_64, r-release-windows-x86_64, r-oldrel-macos-arm64, r-oldrel-macos-x86_64, r-oldrel-windows-x86_64