CRAN Package Check Results for Package shinyKGode

Last updated on 2021-02-25 07:49:58 CET.

Flavor Version Tinstall Tcheck Ttotal Status Flags
r-devel-linux-x86_64-debian-clang 1.0.5 2.23 21.18 23.41 OK
r-devel-linux-x86_64-debian-gcc 1.0.5 1.75 17.19 18.94 OK
r-devel-linux-x86_64-fedora-clang 1.0.5 38.62 NOTE
r-devel-linux-x86_64-fedora-gcc 1.0.5 28.12 NOTE
r-devel-windows-ix86+x86_64 1.0.5 5.00 31.00 36.00 OK
r-patched-linux-x86_64 1.0.5 1.98 20.87 22.85 OK
r-patched-solaris-x86 1.0.5 43.30 NOTE
r-release-linux-x86_64 1.0.5 2.18 20.74 22.92 OK
r-release-macos-x86_64 1.0.5 NOTE
r-release-windows-ix86+x86_64 1.0.5 8.00 38.00 46.00 OK
r-oldrel-macos-x86_64 1.0.5 NOTE
r-oldrel-windows-ix86+x86_64 1.0.5 3.00 41.00 44.00 OK

Check Details

Version: 1.0.5
Check: dependencies in R code
Result: NOTE
    Namespaces in Imports field not imported from:
     ‘KGode’ ‘XML’ ‘ggplot2’ ‘gridExtra’ ‘mvtnorm’ ‘reshape2’ ‘shinyjs’
     All declared Imports should be used.
Flavors: r-devel-linux-x86_64-fedora-clang, r-devel-linux-x86_64-fedora-gcc, r-patched-solaris-x86, r-release-macos-x86_64, r-oldrel-macos-x86_64