CRAN Package Check Results for Package sharpr2

Last updated on 2021-03-01 15:47:41 CET.

Flavor Version Tinstall Tcheck Ttotal Status Flags
r-devel-linux-x86_64-debian-clang 1.1.1.0 OK
r-devel-linux-x86_64-debian-gcc 1.1.1.0 6.43 55.78 62.21 OK
r-devel-linux-x86_64-fedora-clang 1.1.1.0 102.80 OK
r-devel-linux-x86_64-fedora-gcc 1.1.1.0 92.77 OK
r-devel-windows-ix86+x86_64 1.1.1.0 13.00 68.00 81.00 OK
r-patched-linux-x86_64 1.1.1.0 7.02 64.93 71.95 OK
r-patched-solaris-x86 1.1.1.0 138.80 OK
r-release-linux-x86_64 1.1.1.0 7.46 65.41 72.87 OK
r-release-macos-x86_64 1.1.1.0 OK
r-release-windows-ix86+x86_64 1.1.1.0 22.00 15.00 37.00 ERROR
r-oldrel-macos-x86_64 1.1.1.0 OK
r-oldrel-windows-ix86+x86_64 1.1.1.0 11.00 86.00 97.00 OK

Check Details

Version: 1.1.1.0
Check: whether package can be installed
Result: ERROR
    Installation failed.
Flavor: r-release-windows-ix86+x86_64