Last updated on 2021-01-26 15:49:57 CET.
Flavor | Version | Tinstall | Tcheck | Ttotal | Status | Flags |
---|---|---|---|---|---|---|
r-devel-linux-x86_64-debian-clang | 1.4.1 | 18.32 | 30.57 | 48.89 | OK | |
r-devel-linux-x86_64-debian-gcc | 1.4.1 | 11.34 | 23.96 | 35.30 | OK | |
r-devel-linux-x86_64-fedora-clang | 1.4.1 | 77.57 | WARN | |||
r-devel-linux-x86_64-fedora-gcc | 1.4.1 | 58.72 | OK | |||
r-devel-windows-ix86+x86_64 | 1.4.1 | 44.00 | 69.00 | 113.00 | OK | |
r-patched-linux-x86_64 | 1.4.1 | 14.47 | 29.23 | 43.70 | OK | |
r-patched-solaris-x86 | 1.4.1 | 72.90 | OK | |||
r-release-linux-x86_64 | 1.4.1 | 13.38 | 29.28 | 42.66 | OK | |
r-release-macos-x86_64 | 1.4.1 | OK | ||||
r-release-windows-ix86+x86_64 | 1.4.1 | 44.00 | 59.00 | 103.00 | OK | |
r-oldrel-macos-x86_64 | 1.4.1 | OK | ||||
r-oldrel-windows-ix86+x86_64 | 1.4.1 | 34.00 | 65.00 | 99.00 | OK |
Version: 1.4.1
Check: whether package can be installed
Result: WARN
Found the following significant warnings:
num_records.cpp:73:10: warning: 'random_shuffle<double *, int (&)(int)>' is deprecated [-Wdeprecated-declarations]
Flavor: r-devel-linux-x86_64-fedora-clang