Last updated on 2025-04-30 17:01:04 CEST.
Flavor | Version | Tinstall | Tcheck | Ttotal | Status | Flags |
---|---|---|---|---|---|---|
r-devel-linux-x86_64-debian-clang | 1.4.7 | 12.56 | 117.41 | 129.97 | NOTE | |
r-devel-linux-x86_64-debian-gcc | 1.4.7 | 7.84 | 88.88 | 96.72 | NOTE | |
r-devel-linux-x86_64-fedora-clang | 1.4.7 | 219.97 | OK | |||
r-devel-linux-x86_64-fedora-gcc | 1.4.7 | 187.62 | OK | |||
r-devel-windows-x86_64 | 1.4.7 | 14.00 | 158.00 | 172.00 | OK | |
r-patched-linux-x86_64 | 1.4.7 | 13.97 | 109.78 | 123.75 | OK | |
r-release-linux-x86_64 | 1.4.7 | 10.51 | 109.80 | 120.31 | OK | |
r-release-macos-arm64 | 1.4.7 | 59.00 | OK | |||
r-release-macos-x86_64 | 1.4.7 | 131.00 | OK | |||
r-release-windows-x86_64 | 1.4.7 | 16.00 | 154.00 | 170.00 | OK | |
r-oldrel-macos-arm64 | 1.4.7 | 67.00 | NOTE | |||
r-oldrel-macos-x86_64 | 1.4.7 | 139.00 | NOTE | |||
r-oldrel-windows-x86_64 | 1.4.7 | 19.00 | 184.00 | 203.00 | NOTE |
Version: 1.4.7
Check: examples
Result: NOTE
Examples with CPU (user + system) or elapsed time > 5s
user system elapsed
PredictPLS 4.682 0.000 6.572
Resample 3.479 0.023 5.800
Flavor: r-devel-linux-x86_64-debian-clang
Version: 1.4.7
Check: examples
Result: NOTE
Examples with CPU (user + system) or elapsed time > 5s
user system elapsed
PredictPLS 5.232 0.103 8.229
Flavor: r-devel-linux-x86_64-debian-gcc
Version: 1.4.7
Check: package dependencies
Result: NOTE
Package suggested but not available for checking: ‘rCOSA’
Flavors: r-oldrel-macos-arm64, r-oldrel-macos-x86_64, r-oldrel-windows-x86_64
Version: 1.4.7
Check: Rd cross-references
Result: NOTE
Package unavailable to check Rd xrefs: ‘rCOSA’
Flavors: r-oldrel-macos-arm64, r-oldrel-macos-x86_64, r-oldrel-windows-x86_64