CRAN Package Check Results for Package sgs

Last updated on 2024-05-28 05:03:20 CEST.

Flavor Version Tinstall Tcheck Ttotal Status Flags
r-devel-linux-x86_64-debian-clang 0.1.1 38.33 398.76 437.09 NOTE
r-devel-linux-x86_64-debian-gcc 0.1.1 31.70 278.35 310.05 NOTE
r-devel-linux-x86_64-fedora-clang 0.1.1 546.17 NOTE
r-devel-linux-x86_64-fedora-gcc 0.1.1 546.63 NOTE
r-devel-windows-x86_64 0.1.1 39.00 292.00 331.00 NOTE
r-patched-linux-x86_64 0.1.1 39.78 376.04 415.82 NOTE
r-release-linux-x86_64 0.1.1 36.96 378.80 415.76 NOTE
r-release-macos-arm64 0.1.1 135.00 NOTE
r-release-windows-x86_64 0.1.1 39.00 289.00 328.00 NOTE
r-oldrel-macos-arm64 0.1.1 141.00 OK
r-oldrel-macos-x86_64 0.1.1 184.00 OK
r-oldrel-windows-x86_64 0.1.1 50.00 369.00 419.00 OK

Check Details

Version: 0.1.1
Check: Rd files
Result: NOTE checkRd: (-1) generate_toy_data.Rd:35: Lost braces 35 | \item{groups}{If item{grouped=TRUE}, the grouping structure is required. Each input variable should have a group id.} | ^ checkRd: (-1) generate_toy_data.Rd:58: Lost braces 58 | \item{true_grp_id}{Indices of which groups are non-zero in item{true_beta}.} | ^ checkRd: (-1) predict.sgs.Rd:18: Lost braces 18 | item{response}{The predicted response. In the logistic case, this represents the predicted class probabilities.} | ^ checkRd: (-1) predict.sgs.Rd:18: Lost braces 18 | item{response}{The predicted response. In the logistic case, this represents the predicted class probabilities.} | ^ checkRd: (-1) predict.sgs.Rd:19: Lost braces 19 | item{class}{The predicted class assignments. Only returned if type = "logistic" in the \code{"sgs"} object.} | ^ checkRd: (-1) predict.sgs.Rd:19: Lost braces 19 | item{class}{The predicted class assignments. Only returned if type = "logistic" in the \code{"sgs"} object.} | ^ Flavors: r-devel-linux-x86_64-debian-clang, r-devel-linux-x86_64-debian-gcc, r-devel-linux-x86_64-fedora-clang, r-devel-linux-x86_64-fedora-gcc, r-devel-windows-x86_64, r-patched-linux-x86_64, r-release-linux-x86_64, r-release-macos-arm64, r-release-windows-x86_64