CRAN Package Check Results for Package sgd

Last updated on 2021-06-13 11:49:19 CEST.

Flavor Version Tinstall Tcheck Ttotal Status Flags
r-devel-linux-x86_64-debian-clang 1.1.1 46.56 38.77 85.33 OK
r-devel-linux-x86_64-debian-gcc 1.1.1 34.17 31.02 65.19 OK
r-devel-linux-x86_64-fedora-clang 1.1.1 122.76 OK
r-devel-linux-x86_64-fedora-gcc 1.1.1 117.17 OK
r-devel-windows-x86_64 1.1.1 63.00 71.00 134.00 OK
r-devel-windows-x86_64-gcc10-UCRT 1.1.1 OK
r-patched-linux-x86_64 1.1.1 38.56 38.77 77.33 OK
r-patched-solaris-x86 1.1.1 118.50 OK
r-release-linux-x86_64 1.1.1 40.40 38.18 78.58 OK
r-release-macos-arm64 1.1.1 NOTE
r-release-macos-x86_64 1.1.1 OK
r-release-windows-ix86+x86_64 1.1.1 104.00 91.00 195.00 OK
r-oldrel-macos-x86_64 1.1.1 OK
r-oldrel-windows-ix86+x86_64 1.1.1 108.00 88.00 196.00 OK

Check Details

Version: 1.1.1
Check: installed package size
Result: NOTE
     installed size is 5.7Mb
     sub-directories of 1Mb or more:
     libs 4.9Mb
Flavor: r-release-macos-arm64