CRAN Package Check Results for Package sfsmisc

Last updated on 2021-05-07 07:47:51 CEST.

Flavor Version Tinstall Tcheck Ttotal Status Flags
r-devel-linux-x86_64-debian-clang 1.1-11 7.76 68.99 76.75 OK
r-devel-linux-x86_64-debian-gcc 1.1-11 6.64 53.42 60.06 OK
r-devel-linux-x86_64-fedora-clang 1.1-11 109.82 OK
r-devel-linux-x86_64-fedora-gcc 1.1-11 98.22 OK
r-devel-windows-ix86+x86_64 1.1-11 11.00 103.00 114.00 OK
r-devel-windows-x86_64-gcc10-UCRT 1.1-11 OK
r-patched-linux-x86_64 1.1-11 10.74 67.39 78.13 OK
r-patched-solaris-x86 1.1-11 121.40 OK
r-release-linux-x86_64 1.1-11 7.15 66.46 73.61 OK
r-release-macos-x86_64 1.1-11 OK
r-release-windows-ix86+x86_64 1.1-11 12.00 74.00 86.00 OK
r-oldrel-macos-x86_64 1.1-11 NOTE
r-oldrel-windows-ix86+x86_64 1.1-11 12.00 73.00 85.00 OK

Check Details

Version: 1.1-11
Check: dependencies in R code
Result: NOTE
    No protocol specified
    No protocol specified
Flavor: r-oldrel-macos-x86_64