CRAN Package Check Results for Package sfnetworks

Last updated on 2021-06-21 07:49:00 CEST.

Flavor Version Tinstall Tcheck Ttotal Status Flags
r-devel-linux-x86_64-debian-clang 0.5.2 10.46 354.09 364.55 OK
r-devel-linux-x86_64-debian-gcc 0.5.2 8.99 257.25 266.24 OK
r-devel-linux-x86_64-fedora-clang 0.5.2 412.46 OK
r-devel-linux-x86_64-fedora-gcc 0.5.2 411.17 OK
r-devel-windows-x86_64 0.5.2 20.00 423.00 443.00 OK
r-devel-windows-x86_64-gcc10-UCRT 0.5.2 WARN
r-patched-linux-x86_64 0.5.2 10.61 324.18 334.79 OK
r-patched-solaris-x86 0.5.2 545.80 OK
r-release-linux-x86_64 0.5.2 8.64 324.95 333.59 OK
r-release-macos-arm64 0.5.2 OK
r-release-macos-x86_64 0.5.2 OK
r-release-windows-ix86+x86_64 0.5.2 30.00 426.00 456.00 OK
r-oldrel-macos-x86_64 0.5.2 OK

Check Details

Version: 0.5.2
Check: package dependencies
Result: NOTE
    Package suggested but not available for checking: 'tidyverse'
Flavor: r-devel-windows-x86_64-gcc10-UCRT

Version: 0.5.2
Check: re-building of vignette outputs
Result: WARN
    Error(s) in re-building vignettes:
    --- re-building 'join_filter.Rmd' using rmarkdown
    Linking to GEOS 3.6.2, GDAL 3.0.4, PROJ 7.0.0
    
    Attaching package: 'tidygraph'
    
    The following object is masked from 'package:stats':
    
     filter
    
    Quitting from lines 39-44 (join_filter.Rmd)
    Error: processing vignette 'join_filter.Rmd' failed with diagnostics:
    there is no package called 'tidyverse'
    --- failed re-building 'join_filter.Rmd'
    
    --- re-building 'morphers.Rmd' using rmarkdown
    Linking to GEOS 3.6.2, GDAL 3.0.4, PROJ 7.0.0
    
    Attaching package: 'tidygraph'
    
    The following object is masked from 'package:stats':
    
     filter
    
    Quitting from lines 37-42 (morphers.Rmd)
    Error: processing vignette 'morphers.Rmd' failed with diagnostics:
    there is no package called 'tidyverse'
    --- failed re-building 'morphers.Rmd'
    
    --- re-building 'preprocess_and_clean.Rmd' using rmarkdown
    Linking to GEOS 3.6.2, GDAL 3.0.4, PROJ 7.0.0
    
    Attaching package: 'tidygraph'
    
    The following object is masked from 'package:stats':
    
     filter
    
    Quitting from lines 38-44 (preprocess_and_clean.Rmd)
    Error: processing vignette 'preprocess_and_clean.Rmd' failed with diagnostics:
    there is no package called 'tidyverse'
    --- failed re-building 'preprocess_and_clean.Rmd'
    
    --- re-building 'routing.Rmd' using rmarkdown
    Linking to GEOS 3.6.2, GDAL 3.0.4, PROJ 7.0.0
    
    Attaching package: 'tidygraph'
    
    The following object is masked from 'package:stats':
    
     filter
    
    Quitting from lines 39-44 (routing.Rmd)
    Error: processing vignette 'routing.Rmd' failed with diagnostics:
    there is no package called 'tidyverse'
    --- failed re-building 'routing.Rmd'
    
    --- re-building 'structure.Rmd' using rmarkdown
    Linking to GEOS 3.6.2, GDAL 3.0.4, PROJ 7.0.0
    
    Attaching package: 'tidygraph'
    
    The following object is masked from 'package:stats':
    
     filter
    
    Quitting from lines 40-45 (structure.Rmd)
    Error: processing vignette 'structure.Rmd' failed with diagnostics:
    there is no package called 'tidyverse'
    --- failed re-building 'structure.Rmd'
    
    SUMMARY: processing the following files failed:
     'join_filter.Rmd' 'morphers.Rmd' 'preprocess_and_clean.Rmd'
     'routing.Rmd' 'structure.Rmd'
    
    Error: Vignette re-building failed.
    Execution halted
Flavor: r-devel-windows-x86_64-gcc10-UCRT