CRAN Package Check Results for Package sergeant

Last updated on 2024-06-14 00:53:58 CEST.

Flavor Version Tinstall Tcheck Ttotal Status Flags
r-devel-linux-x86_64-debian-clang 0.9.1 11.78 76.26 88.04 OK
r-devel-linux-x86_64-debian-gcc 0.9.1 0.38 1.66 2.04 ERROR
r-devel-linux-x86_64-fedora-clang 0.9.1 108.93 OK
r-devel-linux-x86_64-fedora-gcc 0.9.1 100.39 OK
r-devel-windows-x86_64 0.9.1 10.00 108.00 118.00 OK
r-patched-linux-x86_64 0.9.1 9.95 72.32 82.27 OK
r-release-linux-x86_64 0.9.1 6.03 73.35 79.38 OK
r-release-macos-arm64 0.9.1 42.00 OK
r-release-macos-x86_64 0.9.1 59.00 OK
r-release-windows-x86_64 0.9.1 9.00 107.00 116.00 OK
r-oldrel-macos-arm64 0.9.1 45.00 OK
r-oldrel-macos-x86_64 0.9.1 66.00 OK
r-oldrel-windows-x86_64 0.9.1 13.00 121.00 134.00 OK

Check Details

Version: 0.9.1
Check: package dependencies
Result: ERROR Packages required but not available: 'dplyr', 'dbplyr', 'readr', 'purrr', 'tibble' Package suggested but not available for checking: ‘DBItest’ See section ‘The DESCRIPTION file’ in the ‘Writing R Extensions’ manual. Flavor: r-devel-linux-x86_64-debian-gcc