CRAN Package Check Results for Package seqgendiff

Last updated on 2021-06-21 11:52:21 CEST.

Flavor Version Tinstall Tcheck Ttotal Status Flags
r-devel-linux-x86_64-debian-clang 1.2.2 3.32 187.40 190.72 NOTE
r-devel-linux-x86_64-debian-gcc 1.2.2 3.00 140.71 143.71 NOTE
r-devel-linux-x86_64-fedora-clang 1.2.2 128.64 NOTE
r-devel-linux-x86_64-fedora-gcc 1.2.2 124.72 NOTE
r-devel-windows-x86_64 1.2.2 6.00 237.00 243.00 NOTE
r-devel-windows-x86_64-gcc10-UCRT 1.2.2 ERROR
r-patched-linux-x86_64 1.2.2 4.42 183.15 187.57 NOTE
r-patched-solaris-x86 1.2.2 209.50 NOTE
r-release-linux-x86_64 1.2.2 3.62 182.80 186.42 NOTE
r-release-macos-arm64 1.2.2 ERROR
r-release-macos-x86_64 1.2.2 NOTE
r-release-windows-ix86+x86_64 1.2.2 9.00 225.00 234.00 NOTE
r-oldrel-macos-x86_64 1.2.2 NOTE

Check Details

Version: 1.2.2
Check: LazyData
Result: NOTE
     'LazyData' is specified without a 'data' directory
Flavors: r-devel-linux-x86_64-debian-clang, r-devel-linux-x86_64-debian-gcc, r-devel-linux-x86_64-fedora-clang, r-devel-linux-x86_64-fedora-gcc, r-devel-windows-x86_64, r-patched-linux-x86_64, r-patched-solaris-x86, r-release-linux-x86_64, r-release-macos-x86_64, r-release-windows-ix86+x86_64

Version: 1.2.2
Check: package dependencies
Result: NOTE
    Package suggested but not available for checking: ‘airway’
Flavors: r-devel-linux-x86_64-fedora-clang, r-devel-linux-x86_64-fedora-gcc, r-patched-solaris-x86, r-release-macos-x86_64, r-oldrel-macos-x86_64

Version: 1.2.2
Check: package dependencies
Result: ERROR
    Packages required but not available: 'sva', 'cate'
    
    Packages suggested but not available for checking:
     'covr', 'DESeq2', 'airway'
    
    See section 'The DESCRIPTION file' in the 'Writing R Extensions'
    manual.
Flavor: r-devel-windows-x86_64-gcc10-UCRT

Version: 1.2.2
Check: package dependencies
Result: ERROR
    Packages required but not available: 'sva', 'cate'
    
    Packages suggested but not available for checking:
     'SummarizedExperiment', 'DESeq2', 'airway', 'qvalue', 'edgeR'
    
    See section ‘The DESCRIPTION file’ in the ‘Writing R Extensions’
    manual.
Flavor: r-release-macos-arm64