CRAN Package Check Results for Package seqICP

Last updated on 2021-06-12 23:49:20 CEST.

Flavor Version Tinstall Tcheck Ttotal Status Flags
r-devel-linux-x86_64-debian-clang 1.1 4.01 47.49 51.50 NOTE
r-devel-linux-x86_64-debian-gcc 1.1 2.91 34.67 37.58 NOTE
r-devel-linux-x86_64-fedora-clang 1.1 68.67 NOTE
r-devel-linux-x86_64-fedora-gcc 1.1 62.40 NOTE
r-devel-windows-x86_64 1.1 6.00 47.00 53.00 NOTE
r-devel-windows-x86_64-gcc10-UCRT 1.1 NOTE
r-patched-linux-x86_64 1.1 3.89 44.95 48.84 NOTE
r-patched-solaris-x86 1.1 82.50 NOTE
r-release-linux-x86_64 1.1 4.03 46.22 50.25 NOTE
r-release-macos-arm64 1.1 NOTE
r-release-macos-x86_64 1.1 NOTE
r-release-windows-ix86+x86_64 1.1 5.00 64.00 69.00 NOTE
r-oldrel-macos-x86_64 1.1 OK
r-oldrel-windows-ix86+x86_64 1.1 6.00 65.00 71.00 OK

Check Details

Version: 1.1
Check: LazyData
Result: NOTE
     'LazyData' is specified without a 'data' directory
Flavors: r-devel-linux-x86_64-debian-clang, r-devel-linux-x86_64-debian-gcc, r-devel-linux-x86_64-fedora-clang, r-devel-linux-x86_64-fedora-gcc, r-devel-windows-x86_64, r-devel-windows-x86_64-gcc10-UCRT, r-patched-linux-x86_64, r-patched-solaris-x86, r-release-linux-x86_64, r-release-macos-arm64, r-release-macos-x86_64, r-release-windows-ix86+x86_64