CRAN Package Check Results for Package semtree

Last updated on 2024-06-15 12:48:35 CEST.

Flavor Version Tinstall Tcheck Ttotal Status Flags
r-devel-linux-x86_64-debian-clang 0.9.20 22.28 656.32 678.60 OK
r-devel-linux-x86_64-debian-gcc 0.9.20 16.59 477.07 493.66 OK
r-devel-linux-x86_64-fedora-clang 0.9.20 841.35 OK
r-devel-linux-x86_64-fedora-gcc 0.9.20 792.71 OK
r-devel-windows-x86_64 0.9.20 18.00 375.00 393.00 OK
r-patched-linux-x86_64 0.9.20 27.65 647.16 674.81 NOTE
r-release-linux-x86_64 0.9.20 13.39 634.63 648.02 NOTE
r-release-macos-arm64 0.9.20 195.00 OK
r-release-macos-x86_64 0.9.20 336.00 NOTE
r-release-windows-x86_64 0.9.20 19.00 387.00 406.00 OK
r-oldrel-macos-arm64 0.9.20 194.00 OK
r-oldrel-macos-x86_64 0.9.20 569.00 OK
r-oldrel-windows-x86_64 0.9.20 24.00 552.00 576.00 OK

Check Details

Version: 0.9.20
Check: package dependencies
Result: NOTE Package suggested but not available for checking: ‘ctsemOMX’ Flavors: r-patched-linux-x86_64, r-release-linux-x86_64, r-release-macos-x86_64