CRAN Package Check Results for Package semnar

Last updated on 2024-06-13 16:49:25 CEST.

Flavor Version Tinstall Tcheck Ttotal Status Flags
r-devel-linux-x86_64-debian-clang 0.8.1 5.35 47.04 52.39 OK
r-devel-linux-x86_64-debian-gcc 0.8.1 0.30 1.58 1.88 ERROR
r-devel-linux-x86_64-fedora-clang 0.8.1 65.24 OK
r-devel-linux-x86_64-fedora-gcc 0.8.1 61.51 OK
r-devel-windows-x86_64 0.8.1 6.00 57.00 63.00 OK
r-patched-linux-x86_64 0.8.1 5.75 45.46 51.21 OK
r-release-linux-x86_64 0.8.1 3.43 45.07 48.50 OK
r-release-macos-arm64 0.8.1 28.00 OK
r-release-macos-x86_64 0.8.1 37.00 OK
r-release-windows-x86_64 0.8.1 7.00 58.00 65.00 OK
r-oldrel-macos-arm64 0.8.1 28.00 OK
r-oldrel-macos-x86_64 0.8.1 38.00 OK
r-oldrel-windows-x86_64 0.8.1 7.00 63.00 70.00 OK

Check Details

Version: 0.8.1
Check: package dependencies
Result: ERROR Packages required but not available: 'lubridate', 'urlshorteneR' See section ‘The DESCRIPTION file’ in the ‘Writing R Extensions’ manual. Flavor: r-devel-linux-x86_64-debian-gcc