CRAN Package Check Results for Package semicmprskcoxmsm

Last updated on 2022-08-07 23:59:16 CEST.

Flavor Version Tinstall Tcheck Ttotal Status Flags
r-devel-linux-x86_64-debian-clang 0.2.0 14.75 124.88 139.63 OK
r-devel-linux-x86_64-debian-gcc 0.2.0 11.49 92.73 104.22 OK
r-devel-linux-x86_64-fedora-clang 0.2.0 170.30 OK
r-devel-linux-x86_64-fedora-gcc 0.2.0 168.58 OK
r-devel-windows-x86_64 0.2.0 67.00 133.00 200.00 OK
r-patched-linux-x86_64 0.2.0 16.11 117.33 133.44 OK
r-release-linux-x86_64 0.2.0 12.10 0.02 12.12 FAIL
r-release-macos-arm64 0.2.0 45.00 OK
r-release-macos-x86_64 0.2.0 70.00 OK
r-release-windows-x86_64 0.2.0 39.00 138.00 177.00 OK
r-oldrel-macos-arm64 0.2.0 46.00 OK
r-oldrel-macos-x86_64 0.2.0 63.00 OK
r-oldrel-windows-ix86+x86_64 0.2.0 32.00 134.00 166.00 OK

Check Details

Version: 0.2.0
Check: package dependencies
Result: FAIL
Flavor: r-release-linux-x86_64