Last updated on 2021-03-07 19:49:08 CET.
Flavor | Version | Tinstall | Tcheck | Ttotal | Status | Flags |
---|---|---|---|---|---|---|
r-devel-linux-x86_64-debian-clang | 2.3.1 | 18.90 | 162.17 | 181.07 | NOTE | |
r-devel-linux-x86_64-debian-gcc | 2.3.1 | 15.47 | 117.78 | 133.25 | NOTE | |
r-devel-linux-x86_64-fedora-clang | 2.3.1 | 217.39 | NOTE | |||
r-devel-linux-x86_64-fedora-gcc | 2.3.1 | 214.13 | NOTE | |||
r-devel-windows-ix86+x86_64 | 2.3.1 | 42.00 | 154.00 | 196.00 | OK | |
r-devel-windows-x86_64-gcc10-UCRT | 2.3.1 | OK | ||||
r-patched-linux-x86_64 | 2.3.1 | 16.69 | 143.90 | 160.59 | NOTE | |
r-patched-solaris-x86 | 2.3.1 | 290.00 | NOTE | |||
r-release-linux-x86_64 | 2.3.1 | 16.49 | 143.13 | 159.62 | NOTE | |
r-release-macos-x86_64 | 2.3.1 | OK | ||||
r-release-windows-ix86+x86_64 | 2.3.1 | 35.00 | 130.00 | 165.00 | OK | |
r-oldrel-macos-x86_64 | 2.3.1 | OK | ||||
r-oldrel-windows-ix86+x86_64 | 2.3.1 | 26.00 | 116.00 | 142.00 | OK |
Version: 2.3.1
Check: for non-standard things in the check directory
Result: NOTE
Found the following files/directories:
'Rprof.out'
Flavors: r-devel-linux-x86_64-debian-clang, r-devel-linux-x86_64-debian-gcc, r-devel-linux-x86_64-fedora-clang, r-devel-linux-x86_64-fedora-gcc, r-patched-linux-x86_64, r-patched-solaris-x86, r-release-linux-x86_64