CRAN Package Check Results for Package semantic.dashboard

Last updated on 2021-05-07 11:49:43 CEST.

Flavor Version Tinstall Tcheck Ttotal Status Flags
r-devel-linux-x86_64-debian-clang 0.2.0 3.41 33.18 36.59 NOTE
r-devel-linux-x86_64-debian-gcc 0.2.0 2.84 25.86 28.70 NOTE
r-devel-linux-x86_64-fedora-clang 0.2.0 57.24 NOTE
r-devel-linux-x86_64-fedora-gcc 0.2.0 46.36 NOTE
r-devel-windows-ix86+x86_64 0.2.0 7.00 54.00 61.00 NOTE
r-devel-windows-x86_64-gcc10-UCRT 0.2.0 NOTE
r-patched-linux-x86_64 0.2.0 3.71 32.37 36.08 NOTE
r-patched-solaris-x86 0.2.0 66.40 OK
r-release-linux-x86_64 0.2.0 3.64 31.99 35.63 OK
r-release-macos-x86_64 0.2.0 OK
r-release-windows-ix86+x86_64 0.2.0 5.00 38.00 43.00 OK
r-oldrel-macos-x86_64 0.2.0 OK
r-oldrel-windows-ix86+x86_64 0.2.0 5.00 50.00 55.00 OK

Check Details

Version: 0.2.0
Check: LazyData
Result: NOTE
     'LazyData' is specified without a 'data' directory
Flavors: r-devel-linux-x86_64-debian-clang, r-devel-linux-x86_64-debian-gcc, r-devel-linux-x86_64-fedora-clang, r-devel-linux-x86_64-fedora-gcc, r-devel-windows-ix86+x86_64, r-devel-windows-x86_64-gcc10-UCRT, r-patched-linux-x86_64