Last updated on 2022-05-24 11:50:16 CEST.
Flavor | Version | Tinstall | Tcheck | Ttotal | Status | Flags |
---|---|---|---|---|---|---|
r-devel-linux-x86_64-debian-clang | 1.8 | 7.09 | 117.13 | 124.22 | NOTE | |
r-devel-linux-x86_64-debian-gcc | 1.8 | 4.60 | 89.79 | 94.39 | NOTE | |
r-devel-linux-x86_64-fedora-clang | 1.8 | 317.66 | NOTE | |||
r-devel-linux-x86_64-fedora-gcc | 1.8 | 286.77 | NOTE | |||
r-devel-windows-x86_64 | 1.8 | 21.00 | 161.00 | 182.00 | NOTE | |
r-patched-linux-x86_64 | 1.8 | 6.24 | 114.40 | 120.64 | NOTE | |
r-release-linux-x86_64 | 1.8 | NOTE | ||||
r-release-macos-arm64 | 1.8 | 51.00 | NOTE | |||
r-release-macos-x86_64 | 1.8 | 81.00 | NOTE | |||
r-release-windows-x86_64 | 1.8 | 19.00 | 162.00 | 181.00 | NOTE | |
r-oldrel-macos-arm64 | 1.8 | 73.00 | NOTE | |||
r-oldrel-macos-x86_64 | 1.8 | 93.00 | NOTE | |||
r-oldrel-windows-ix86+x86_64 | 1.8 | 14.00 | 147.00 | 161.00 | NOTE |
Version: 1.8
Check: LazyData
Result: NOTE
'LazyData' is specified without a 'data' directory
Flavors: r-devel-linux-x86_64-debian-clang, r-devel-linux-x86_64-debian-gcc, r-devel-linux-x86_64-fedora-clang, r-devel-linux-x86_64-fedora-gcc, r-devel-windows-x86_64, r-patched-linux-x86_64, r-release-linux-x86_64, r-release-macos-arm64, r-release-macos-x86_64, r-release-windows-x86_64, r-oldrel-macos-arm64, r-oldrel-macos-x86_64, r-oldrel-windows-ix86+x86_64