CRAN Package Check Results for Package semPlot

Last updated on 2021-04-18 03:47:03 CEST.

Flavor Version Tinstall Tcheck Ttotal Status Flags
r-devel-linux-x86_64-debian-clang 1.1.2 25.14 184.38 209.52 OK
r-devel-linux-x86_64-debian-gcc 1.1.2 21.01 140.80 161.81 OK
r-devel-linux-x86_64-fedora-clang 1.1.2 274.23 OK
r-devel-linux-x86_64-fedora-gcc 1.1.2 243.74 OK
r-devel-windows-ix86+x86_64 1.1.2 58.00 168.00 226.00 OK
r-devel-windows-x86_64-gcc10-UCRT 1.1.2 OK
r-patched-linux-x86_64 1.1.2 22.58 166.39 188.97 OK
r-patched-solaris-x86 1.1.2 5.00 ERROR
r-release-linux-x86_64 1.1.2 21.78 167.89 189.67 OK
r-release-macos-x86_64 1.1.2 OK
r-release-windows-ix86+x86_64 1.1.2 56.00 211.00 267.00 OK
r-oldrel-macos-x86_64 1.1.2 OK
r-oldrel-windows-ix86+x86_64 1.1.2 33.00 195.00 228.00 OK

Check Details

Version: 1.1.2
Check: package dependencies
Result: ERROR
    Package required but not available: ‘OpenMx’
    
    See section ‘The DESCRIPTION file’ in the ‘Writing R Extensions’
    manual.
Flavor: r-patched-solaris-x86