CRAN Package Check Results for Package selection.index

Last updated on 2022-08-07 23:59:16 CEST.

Flavor Version Tinstall Tcheck Ttotal Status Flags
r-devel-linux-x86_64-debian-clang 1.1.4 2.11 28.73 30.84 OK
r-devel-linux-x86_64-debian-gcc 1.1.4 1.87 22.60 24.47 OK
r-devel-linux-x86_64-fedora-clang 1.1.4 47.76 OK
r-devel-linux-x86_64-fedora-gcc 1.1.4 46.14 OK
r-devel-windows-x86_64 1.1.4 29.00 55.00 84.00 OK
r-patched-linux-x86_64 1.1.4 2.43 27.96 30.39 OK
r-release-linux-x86_64 1.1.4 2.00 0.02 2.02 FAIL
r-release-macos-arm64 1.1.4 17.00 OK
r-release-macos-x86_64 1.1.4 29.00 OK
r-release-windows-x86_64 1.1.4 26.00 56.00 82.00 OK
r-oldrel-macos-arm64 1.1.4 16.00 OK
r-oldrel-macos-x86_64 1.1.4 24.00 OK
r-oldrel-windows-ix86+x86_64 1.1.4 6.00 44.00 50.00 OK

Check Details

Version: 1.1.4
Check: package dependencies
Result: FAIL
Flavor: r-release-linux-x86_64