CRAN Package Check Results for Package segmag

Last updated on 2021-06-12 23:49:20 CEST.

Flavor Version Tinstall Tcheck Ttotal Status Flags
r-devel-linux-x86_64-debian-clang 1.2.4 24.35 31.04 55.39 OK
r-devel-linux-x86_64-debian-gcc 1.2.4 15.27 24.73 40.00 OK
r-devel-linux-x86_64-fedora-clang 1.2.4 85.09 NOTE
r-devel-linux-x86_64-fedora-gcc 1.2.4 71.13 NOTE
r-devel-windows-x86_64 1.2.4 31.00 58.00 89.00 OK
r-devel-windows-x86_64-gcc10-UCRT 1.2.4 OK
r-patched-linux-x86_64 1.2.4 19.71 30.10 49.81 OK
r-patched-solaris-x86 1.2.4 81.90 OK
r-release-linux-x86_64 1.2.4 22.43 30.24 52.67 OK
r-release-macos-arm64 1.2.4 OK
r-release-macos-x86_64 1.2.4 OK
r-release-windows-ix86+x86_64 1.2.4 49.00 77.00 126.00 OK
r-oldrel-macos-x86_64 1.2.4 OK
r-oldrel-windows-ix86+x86_64 1.2.4 42.00 83.00 125.00 OK

Check Details

Version: 1.2.4
Check: compiled code
Result: NOTE
    File ‘segmag/libs/segmag.so’:
     Found no calls to: ‘R_registerRoutines’, ‘R_useDynamicSymbols’
    
    It is good practice to register native routines and to disable symbol
    search.
    
    See ‘Writing portable packages’ in the ‘Writing R Extensions’ manual.
Flavors: r-devel-linux-x86_64-fedora-clang, r-devel-linux-x86_64-fedora-gcc