Last updated on 2022-05-28 23:55:16 CEST.
Flavor | Version | Tinstall | Tcheck | Ttotal | Status | Flags |
---|---|---|---|---|---|---|
r-devel-linux-x86_64-debian-clang | 0.6 | 44.79 | 47.71 | 92.50 | OK | |
r-devel-linux-x86_64-debian-gcc | 0.6 | 35.46 | 37.25 | 72.71 | OK | |
r-devel-linux-x86_64-fedora-clang | 0.6 | 133.67 | OK | |||
r-devel-linux-x86_64-fedora-gcc | 0.6 | 108.99 | OK | |||
r-devel-windows-x86_64 | 0.6 | 40.00 | 81.00 | 121.00 | OK | |
r-patched-linux-x86_64 | 0.6 | 39.48 | 45.71 | 85.19 | OK | |
r-release-linux-x86_64 | 0.6 | 34.78 | 45.49 | 80.27 | OK | |
r-release-macos-arm64 | 0.6 | 36.00 | OK | |||
r-release-macos-x86_64 | 0.6 | 45.00 | OK | |||
r-release-windows-x86_64 | 0.6 | 45.00 | 85.00 | 130.00 | OK | |
r-oldrel-macos-arm64 | 0.6 | 41.00 | NOTE | |||
r-oldrel-macos-x86_64 | 0.6 | 61.00 | OK | |||
r-oldrel-windows-ix86+x86_64 | 0.6 | 108.00 | 90.00 | 198.00 | OK |
Version: 0.6
Check: installed package size
Result: NOTE
installed size is 5.6Mb
sub-directories of 1Mb or more:
libs 4.6Mb
Flavor: r-oldrel-macos-arm64