CRAN Package Check Results for Package secrdesign

Last updated on 2021-06-20 03:48:39 CEST.

Flavor Version Tinstall Tcheck Ttotal Status Flags
r-devel-linux-x86_64-debian-clang 2.5.11 14.99 137.80 152.79 OK
r-devel-linux-x86_64-debian-gcc 2.5.11 13.21 104.35 117.56 OK
r-devel-linux-x86_64-fedora-clang 2.5.11 190.23 OK
r-devel-linux-x86_64-fedora-gcc 2.5.11 184.22 OK
r-devel-windows-x86_64 2.5.11 25.00 177.00 202.00 OK
r-devel-windows-x86_64-gcc10-UCRT 2.5.11 OK
r-patched-linux-x86_64 2.5.11 19.54 132.68 152.22 OK
r-patched-solaris-x86 2.5.11 269.00 OK
r-release-linux-x86_64 2.5.11 15.36 132.61 147.97 OK
r-release-macos-arm64 2.5.11 NOTE
r-release-macos-x86_64 2.5.11 OK
r-release-windows-ix86+x86_64 2.5.11 38.00 238.00 276.00 OK
r-oldrel-macos-x86_64 2.5.11 OK
r-oldrel-windows-ix86+x86_64 2.5.11 31.00 237.00 268.00 OK

Check Details

Version: 2.5.11
Check: package dependencies
Result: NOTE
    Package suggested but not available for checking: ‘secrlinear’
Flavor: r-release-macos-arm64