CRAN Package Check Results for Package sdetorus

Last updated on 2021-02-25 07:49:57 CET.

Flavor Version Tinstall Tcheck Ttotal Status Flags
r-devel-linux-x86_64-debian-clang 0.1.7 168.48 61.82 230.30 OK
r-devel-linux-x86_64-debian-gcc 0.1.7 114.17 46.64 160.81 OK
r-devel-linux-x86_64-fedora-clang 0.1.7 321.94 NOTE
r-devel-linux-x86_64-fedora-gcc 0.1.7 285.89 OK
r-devel-windows-ix86+x86_64 0.1.7 261.00 105.00 366.00 OK
r-patched-linux-x86_64 0.1.7 131.70 58.46 190.16 OK
r-patched-solaris-x86 0.1.7 274.90 OK
r-release-linux-x86_64 0.1.7 126.67 58.51 185.18 OK
r-release-macos-x86_64 0.1.7 NOTE
r-release-windows-ix86+x86_64 0.1.7 324.00 141.00 465.00 OK
r-oldrel-macos-x86_64 0.1.7 NOTE
r-oldrel-windows-ix86+x86_64 0.1.7 251.00 116.00 367.00 OK

Check Details

Version: 0.1.7
Check: installed package size
Result: NOTE
     installed size is 10.8Mb
     sub-directories of 1Mb or more:
     libs 9.9Mb
Flavors: r-devel-linux-x86_64-fedora-clang, r-release-macos-x86_64, r-oldrel-macos-x86_64