Last updated on 2021-01-20 03:48:21 CET.
Flavor | Version | Tinstall | Tcheck | Ttotal | Status | Flags |
---|---|---|---|---|---|---|
r-devel-linux-x86_64-debian-clang | 2.0.15 | 10.88 | 97.62 | 108.50 | OK | |
r-devel-linux-x86_64-debian-gcc | 2.0.15 | 10.65 | 75.15 | 85.80 | OK | |
r-devel-linux-x86_64-fedora-clang | 2.0.15 | 143.30 | NOTE | |||
r-devel-linux-x86_64-fedora-gcc | 2.0.15 | 136.32 | NOTE | |||
r-devel-windows-ix86+x86_64 | 2.0.15 | 20.00 | 148.00 | 168.00 | OK | |
r-patched-linux-x86_64 | 2.0.15 | 8.35 | 91.69 | 100.04 | OK | |
r-patched-solaris-x86 | 2.0.15 | 189.00 | OK | |||
r-release-linux-x86_64 | 2.0.15 | 8.26 | 92.09 | 100.35 | OK | |
r-release-macos-x86_64 | 2.0.15 | OK | ||||
r-release-windows-ix86+x86_64 | 2.0.15 | 23.00 | 175.00 | 198.00 | OK | |
r-oldrel-macos-x86_64 | 2.0.15 | OK | ||||
r-oldrel-windows-ix86+x86_64 | 2.0.15 | 18.00 | 121.00 | 139.00 | OK |
Version: 2.0.15
Check: compiled code
Result: NOTE
File ‘sde/libs/sde.so’:
Found no call to: ‘R_useDynamicSymbols’
It is good practice to register native routines and to disable symbol
search.
See ‘Writing portable packages’ in the ‘Writing R Extensions’ manual.
Flavors: r-devel-linux-x86_64-fedora-clang, r-devel-linux-x86_64-fedora-gcc