CRAN Package Check Results for Package sdcSpatial

Last updated on 2021-06-12 23:49:20 CEST.

Flavor Version Tinstall Tcheck Ttotal Status Flags
r-devel-linux-x86_64-debian-clang 0.1.1 3.17 66.78 69.95 OK
r-devel-linux-x86_64-debian-gcc 0.1.1 2.49 52.00 54.49 OK
r-devel-linux-x86_64-fedora-clang 0.1.1 93.38 OK
r-devel-linux-x86_64-fedora-gcc 0.1.1 88.81 OK
r-devel-windows-x86_64 0.1.1 7.00 86.00 93.00 OK
r-devel-windows-x86_64-gcc10-UCRT 0.1.1 NOTE
r-patched-linux-x86_64 0.1.1 6.29 65.62 71.91 OK
r-patched-solaris-x86 0.1.1 111.60 OK
r-release-linux-x86_64 0.1.1 2.73 64.41 67.14 OK
r-release-macos-arm64 0.1.1 NOTE
r-release-macos-x86_64 0.1.1 OK
r-release-windows-ix86+x86_64 0.1.1 5.00 88.00 93.00 OK
r-oldrel-macos-x86_64 0.1.1 OK
r-oldrel-windows-ix86+x86_64 0.1.1 5.00 84.00 89.00 OK

Check Details

Version: 0.1.1
Check: package dependencies
Result: NOTE
    Package suggested but not available for checking: 'sf'
Flavors: r-devel-windows-x86_64-gcc10-UCRT, r-release-macos-arm64

Version: 0.1.1
Check: Rd cross-references
Result: NOTE
    Package unavailable to check Rd xrefs: 'sf'
Flavors: r-devel-windows-x86_64-gcc10-UCRT, r-release-macos-arm64