CRAN Package Check Results for Package sda

Last updated on 2021-06-15 23:51:30 CEST.

Flavor Version Tinstall Tcheck Ttotal Status Flags
r-devel-linux-x86_64-debian-clang 1.3.7 3.19 31.83 35.02 OK
r-devel-linux-x86_64-debian-gcc 1.3.7 2.35 25.09 27.44 OK
r-devel-linux-x86_64-fedora-clang 1.3.7 51.22 NOTE
r-devel-linux-x86_64-fedora-gcc 1.3.7 40.23 OK
r-devel-windows-x86_64 1.3.7 4.00 49.00 53.00 OK
r-devel-windows-x86_64-gcc10-UCRT 1.3.7 OK
r-patched-linux-x86_64 1.3.7 3.03 31.07 34.10 OK
r-patched-solaris-x86 1.3.7 68.10 OK
r-release-linux-x86_64 1.3.7 2.52 31.20 33.72 OK
r-release-macos-arm64 1.3.7 OK
r-release-macos-x86_64 1.3.7 OK
r-release-windows-ix86+x86_64 1.3.7 6.00 42.00 48.00 OK
r-oldrel-macos-x86_64 1.3.7 OK
r-oldrel-windows-ix86+x86_64 1.3.7 5.00 50.00 55.00 OK

Check Details

Version: 1.3.7
Check: Rd cross-references
Result: NOTE
    Undeclared package ‘care’ in Rd xrefs
Flavor: r-devel-linux-x86_64-fedora-clang