CRAN Package Check Results for Package sctransform

Last updated on 2021-06-21 11:52:21 CEST.

Flavor Version Tinstall Tcheck Ttotal Status Flags
r-devel-linux-x86_64-debian-clang 0.3.2 46.96 106.34 153.30 NOTE
r-devel-linux-x86_64-debian-gcc 0.3.2 32.73 79.34 112.07 NOTE
r-devel-linux-x86_64-fedora-clang 0.3.2 202.70 NOTE
r-devel-linux-x86_64-fedora-gcc 0.3.2 183.68 NOTE
r-devel-windows-x86_64 0.3.2 60.00 141.00 201.00 OK
r-devel-windows-x86_64-gcc10-UCRT 0.3.2 NOTE
r-patched-linux-x86_64 0.3.2 38.46 98.06 136.52 NOTE
r-patched-solaris-x86 0.3.2 231.60 NOTE
r-release-linux-x86_64 0.3.2 38.48 97.57 136.05 NOTE
r-release-macos-arm64 0.3.2 NOTE
r-release-macos-x86_64 0.3.2 NOTE
r-release-windows-ix86+x86_64 0.3.2 107.00 184.00 291.00 OK
r-oldrel-macos-x86_64 0.3.2 NOTE

Check Details

Version: 0.3.2
Check: package dependencies
Result: NOTE
    Package which this enhances but not available for checking: 'glmGamPoi'
Flavors: r-devel-linux-x86_64-debian-clang, r-devel-linux-x86_64-debian-gcc, r-devel-linux-x86_64-fedora-clang, r-devel-linux-x86_64-fedora-gcc, r-devel-windows-x86_64-gcc10-UCRT, r-patched-linux-x86_64, r-patched-solaris-x86, r-release-linux-x86_64, r-release-macos-arm64, r-release-macos-x86_64, r-oldrel-macos-x86_64