CRAN Package Check Results for Package sclr

Last updated on 2021-09-20 15:53:11 CEST.

Flavor Version Tinstall Tcheck Ttotal Status Flags
r-devel-linux-x86_64-debian-clang 0.3.1 5.43 85.02 90.45 OK
r-devel-linux-x86_64-debian-gcc 0.3.1 4.41 59.96 64.37 OK
r-devel-linux-x86_64-fedora-clang 0.3.1 114.36 OK
r-devel-linux-x86_64-fedora-gcc 0.3.1 101.84 OK
r-devel-windows-x86_64 0.3.1 6.00 93.00 99.00 OK
r-devel-windows-x86_64-gcc10-UCRT 0.3.1 ERROR
r-patched-linux-x86_64 0.3.1 11.85 78.75 90.60 OK
r-patched-solaris-x86 0.3.1 153.20 OK
r-release-linux-x86_64 0.3.1 5.30 79.17 84.47 OK
r-release-macos-arm64 0.3.1 OK
r-release-macos-x86_64 0.3.1 OK
r-release-windows-ix86+x86_64 0.3.1 12.00 85.00 97.00 OK
r-oldrel-macos-x86_64 0.3.1 OK
r-oldrel-windows-ix86+x86_64 0.3.1 15.00 82.00 97.00 OK

Check Details

Version: 0.3.1
Check: whether package can be installed
Result: WARN
    Found the following significant warnings:
     WARNING: installation-time patches will not be applied, could not get the patches index
Flavor: r-devel-windows-x86_64-gcc10-UCRT

Version: 0.3.1
Check: PDF version of manual
Result: WARN
    LaTeX errors when creating PDF version.
    This typically indicates Rd problems.
Flavor: r-devel-windows-x86_64-gcc10-UCRT

Version: 0.3.1
Check: PDF version of manual without hyperrefs or index
Result: ERROR
    Re-running with no redirection of stdout/stderr.
Flavor: r-devel-windows-x86_64-gcc10-UCRT