CRAN Package Check Results for Package scientoText

Last updated on 2021-06-12 23:49:20 CEST.

Flavor Version Tinstall Tcheck Ttotal Status Flags
r-devel-linux-x86_64-debian-clang 0.1 3.51 31.47 34.98 NOTE
r-devel-linux-x86_64-debian-gcc 0.1 2.73 25.27 28.00 NOTE
r-devel-linux-x86_64-fedora-clang 0.1 51.10 NOTE
r-devel-linux-x86_64-fedora-gcc 0.1 42.98 NOTE
r-devel-windows-x86_64 0.1 6.00 58.00 64.00 NOTE
r-devel-windows-x86_64-gcc10-UCRT 0.1 NOTE
r-patched-linux-x86_64 0.1 3.10 30.59 33.69 NOTE
r-patched-solaris-x86 0.1 64.90 NOTE
r-release-linux-x86_64 0.1 3.48 30.76 34.24 NOTE
r-release-macos-arm64 0.1 NOTE
r-release-macos-x86_64 0.1 NOTE
r-release-windows-ix86+x86_64 0.1 7.00 55.00 62.00 NOTE
r-oldrel-macos-x86_64 0.1 OK
r-oldrel-windows-ix86+x86_64 0.1 6.00 55.00 61.00 OK

Check Details

Version: 0.1
Check: LazyData
Result: NOTE
     'LazyData' is specified without a 'data' directory
Flavors: r-devel-linux-x86_64-debian-clang, r-devel-linux-x86_64-debian-gcc, r-devel-linux-x86_64-fedora-clang, r-devel-linux-x86_64-fedora-gcc, r-devel-windows-x86_64, r-devel-windows-x86_64-gcc10-UCRT, r-patched-linux-x86_64, r-patched-solaris-x86, r-release-linux-x86_64, r-release-macos-arm64, r-release-macos-x86_64, r-release-windows-ix86+x86_64