CRAN Package Check Results for Package sccore

Last updated on 2021-02-26 15:51:05 CET.

Flavor Version Tinstall Tcheck Ttotal Status Flags
r-devel-linux-x86_64-debian-clang 0.1.2 79.82 73.20 153.02 OK
r-devel-linux-x86_64-debian-gcc 0.1.2 54.51 56.39 110.90 OK
r-devel-windows-ix86+x86_64 0.1.1 130.00 99.00 229.00 OK
r-patched-linux-x86_64 0.1.1 61.96 67.67 129.63 OK
r-release-linux-x86_64 0.1.2 63.32 68.49 131.81 OK
r-release-macos-x86_64 0.1.2 NOTE
r-release-windows-ix86+x86_64 0.1.1 179.00 138.00 317.00 OK
r-oldrel-macos-x86_64 0.1.2 NOTE
r-oldrel-windows-ix86+x86_64 0.1.1 117.00 108.00 225.00 OK

Check Details

Version: 0.1.2
Check: installed package size
Result: NOTE
     installed size is 5.4Mb
     sub-directories of 1Mb or more:
     libs 4.6Mb
Flavors: r-release-macos-x86_64, r-oldrel-macos-x86_64