Last updated on 2023-02-06 11:56:19 CET.
Flavor | Version | Tinstall | Tcheck | Ttotal | Status | Flags |
---|---|---|---|---|---|---|
r-devel-linux-x86_64-debian-clang | 0.0.1 | 1.40 | 44.83 | 46.23 | OK | |
r-devel-linux-x86_64-debian-gcc | 0.0.1 | 1.62 | 32.96 | 34.58 | OK | |
r-devel-linux-x86_64-fedora-clang | 0.0.1 | 58.89 | NOTE | |||
r-devel-linux-x86_64-fedora-gcc | 0.0.1 | 57.09 | NOTE | |||
r-devel-windows-x86_64 | 0.0.1 | 7.00 | 69.00 | 76.00 | OK | |
r-patched-linux-x86_64 | 0.0.1 | 1.88 | 43.96 | 45.84 | OK | |
r-release-linux-x86_64 | 0.0.1 | 1.29 | 44.14 | 45.43 | OK | |
r-release-macos-arm64 | 0.0.1 | 17.00 | NOTE | |||
r-release-macos-x86_64 | 0.0.1 | 26.00 | NOTE | |||
r-release-windows-x86_64 | 0.0.1 | 10.00 | 70.00 | 80.00 | OK | |
r-oldrel-macos-arm64 | 0.0.1 | 19.00 | NOTE | |||
r-oldrel-macos-x86_64 | 0.0.1 | 32.00 | NOTE | |||
r-oldrel-windows-ix86+x86_64 | 0.0.1 | 5.00 | 67.00 | 72.00 | OK |
Version: 0.0.1
Check: dependencies in R code
Result: NOTE
Namespace in Imports field not imported from: ‘rJava’
All declared Imports should be used.
Flavors: r-devel-linux-x86_64-fedora-clang, r-devel-linux-x86_64-fedora-gcc, r-release-macos-arm64, r-release-macos-x86_64, r-oldrel-macos-arm64, r-oldrel-macos-x86_64