Last updated on 2023-03-30 03:52:46 CEST.
Flavor | Version | Tinstall | Tcheck | Ttotal | Status | Flags |
---|---|---|---|---|---|---|
r-devel-linux-x86_64-debian-clang | 1.1.1 | 139.32 | 127.00 | 266.32 | NOTE | |
r-devel-linux-x86_64-debian-gcc | 1.1.1 | 108.92 | 94.45 | 203.37 | NOTE | |
r-devel-linux-x86_64-fedora-clang | 1.1.1 | 388.40 | NOTE | |||
r-devel-linux-x86_64-fedora-gcc | 1.1.1 | 359.21 | NOTE | |||
r-patched-linux-x86_64 | 1.1.1 | 110.06 | 117.57 | 227.63 | NOTE | |
r-release-linux-x86_64 | 1.1.1 | 90.63 | 118.12 | 208.75 | OK | |
r-release-macos-arm64 | 1.1.1 | 77.00 | OK | |||
r-release-macos-x86_64 | 1.1.1 | 114.00 | OK | |||
r-release-windows-x86_64 | 1.1.1 | 195.00 | 172.00 | 367.00 | OK | |
r-oldrel-macos-arm64 | 1.1.1 | 80.00 | OK | |||
r-oldrel-macos-x86_64 | 1.1.1 | 113.00 | OK | |||
r-oldrel-windows-ix86+x86_64 | 1.1.1 | 346.00 | 203.00 | 549.00 | OK |
Version: 1.1.1
Check: C++ specification
Result: NOTE
Specified C++11: please drop specification unless essential
Flavors: r-devel-linux-x86_64-debian-clang, r-devel-linux-x86_64-debian-gcc, r-devel-linux-x86_64-fedora-clang, r-devel-linux-x86_64-fedora-gcc, r-patched-linux-x86_64