CRAN Package Check Results for Package scales

Last updated on 2021-05-14 23:51:00 CEST.

Flavor Version Tinstall Tcheck Ttotal Status Flags
r-devel-linux-x86_64-debian-clang 1.1.1 7.01 60.93 67.94 OK
r-devel-linux-x86_64-debian-gcc 1.1.1 7.29 46.78 54.07 OK
r-devel-linux-x86_64-fedora-clang 1.1.1 91.57 NOTE
r-devel-linux-x86_64-fedora-gcc 1.1.1 80.28 OK
r-devel-windows-ix86+x86_64 1.1.1 14.00 60.00 74.00 OK
r-devel-windows-x86_64-gcc10-UCRT 1.1.1 OK
r-patched-linux-x86_64 1.1.1 8.01 58.72 66.73 OK
r-patched-solaris-x86 1.1.1 108.30 OK
r-release-linux-x86_64 1.1.1 7.82 56.73 64.55 OK
r-release-macos-x86_64 1.1.1 OK
r-release-windows-ix86+x86_64 1.1.1 10.00 82.00 92.00 OK
r-oldrel-macos-x86_64 1.1.1 OK
r-oldrel-windows-ix86+x86_64 1.1.1 9.00 76.00 85.00 OK

Check Details

Version: 1.1.1
Check: Rd cross-references
Result: NOTE
    Undeclared package ‘plyr’ in Rd xrefs
Flavor: r-devel-linux-x86_64-fedora-clang