Last updated on 2021-02-24 19:48:18 CET.
Flavor | Version | Tinstall | Tcheck | Ttotal | Status | Flags |
---|---|---|---|---|---|---|
r-devel-linux-x86_64-debian-clang | 1.0-1 | 8.90 | 102.69 | 111.59 | OK | |
r-devel-linux-x86_64-debian-gcc | 1.0-1 | 7.26 | 74.93 | 82.19 | OK | |
r-devel-linux-x86_64-fedora-clang | 1.0-1 | 139.13 | NOTE | |||
r-devel-linux-x86_64-fedora-gcc | 1.0-1 | 129.35 | NOTE | |||
r-devel-windows-ix86+x86_64 | 1.0-1 | 11.00 | 91.00 | 102.00 | OK | |
r-patched-linux-x86_64 | 1.0-1 | 8.61 | 96.52 | 105.13 | OK | |
r-patched-solaris-x86 | 1.0-1 | 170.10 | NOTE | |||
r-release-linux-x86_64 | 1.0-1 | 8.22 | 95.61 | 103.83 | OK | |
r-release-macos-x86_64 | 1.0-1 | NOTE | ||||
r-release-windows-ix86+x86_64 | 1.0-1 | 23.00 | 126.00 | 149.00 | OK | |
r-oldrel-macos-x86_64 | 1.0-1 | NOTE | ||||
r-oldrel-windows-ix86+x86_64 | 1.0-1 | 10.00 | 114.00 | 124.00 | OK |
Version: 1.0-1
Check: dependencies in R code
Result: NOTE
Namespace in Imports field not imported from: ‘pvclust’
All declared Imports should be used.
Flavors: r-devel-linux-x86_64-fedora-clang, r-devel-linux-x86_64-fedora-gcc, r-patched-solaris-x86, r-release-macos-x86_64, r-oldrel-macos-x86_64