Last updated on 2022-05-24 11:50:16 CEST.
Flavor | Version | Tinstall | Tcheck | Ttotal | Status | Flags |
---|---|---|---|---|---|---|
r-devel-linux-x86_64-debian-clang | 0.1.0 | 34.55 | 82.85 | 117.40 | WARN | |
r-devel-linux-x86_64-debian-gcc | 0.1.0 | 31.32 | 65.04 | 96.36 | OK | |
r-devel-linux-x86_64-fedora-clang | 0.1.0 | 157.76 | WARN | |||
r-devel-linux-x86_64-fedora-gcc | 0.1.0 | 144.39 | OK | |||
r-devel-windows-x86_64 | 0.1.0 | 45.00 | 117.00 | 162.00 | OK | |
r-patched-linux-x86_64 | 0.1.0 | 36.16 | 80.05 | 116.21 | OK | |
r-release-linux-x86_64 | 0.1.0 | OK | ||||
r-release-macos-arm64 | 0.1.0 | 41.00 | OK | |||
r-release-macos-x86_64 | 0.1.0 | 58.00 | OK | |||
r-release-windows-x86_64 | 0.1.0 | 42.00 | 120.00 | 162.00 | OK | |
r-oldrel-macos-arm64 | 0.1.0 | 44.00 | OK | |||
r-oldrel-macos-x86_64 | 0.1.0 | 58.00 | OK | |||
r-oldrel-windows-ix86+x86_64 | 0.1.0 | 93.00 | 143.00 | 236.00 | OK |
Version: 0.1.0
Check: whether package can be installed
Result: WARN
Found the following significant warnings:
metrics.cpp:105:13: warning: use of bitwise '|' with boolean operands [-Wbitwise-instead-of-logical]
metrics.cpp:124:13: warning: use of bitwise '&' with boolean operands [-Wbitwise-instead-of-logical]
Flavors: r-devel-linux-x86_64-debian-clang, r-devel-linux-x86_64-fedora-clang