CRAN Package Check Results for Package scISR

Last updated on 2023-05-29 11:57:05 CEST.

Flavor Version Tinstall Tcheck Ttotal Status Flags
r-devel-linux-x86_64-debian-clang 0.1.1 11.15 78.37 89.52 OK
r-devel-linux-x86_64-debian-gcc 0.1.1 7.39 60.64 68.03 OK
r-devel-linux-x86_64-fedora-clang 0.1.1 108.69 NOTE
r-devel-linux-x86_64-fedora-gcc 0.1.1 117.82 NOTE
r-devel-windows-x86_64 0.1.1 9.00 76.00 85.00 OK
r-patched-linux-x86_64 0.1.1 8.64 77.06 85.70 OK
r-release-linux-x86_64 0.1.1 7.19 75.45 82.64 OK
r-release-macos-arm64 0.1.1 45.00 OK
r-release-macos-x86_64 0.1.1 70.00 OK
r-release-windows-x86_64 0.1.1 12.00 87.00 99.00 OK
r-oldrel-macos-arm64 0.1.1 36.00 NOTE
r-oldrel-macos-x86_64 0.1.1 48.00 NOTE
r-oldrel-windows-x86_64 0.1.1 13.00 90.00 103.00 OK

Check Details

Version: 0.1.1
Check: dependencies in R code
Result: NOTE
    Namespace in Imports field not imported from: ‘markdown’
     All declared Imports should be used.
Flavors: r-devel-linux-x86_64-fedora-clang, r-devel-linux-x86_64-fedora-gcc, r-oldrel-macos-arm64, r-oldrel-macos-x86_64