Last updated on 2023-09-26 16:13:11 CEST.
Flavor | Version | Tinstall | Tcheck | Ttotal | Status | Flags |
---|---|---|---|---|---|---|
r-devel-linux-x86_64-debian-clang | 1.1.3 | 38.24 | 313.75 | 351.99 | OK | |
r-devel-linux-x86_64-debian-gcc | 1.1.3 | 27.98 | 223.76 | 251.74 | OK | |
r-devel-linux-x86_64-fedora-clang | 1.1.3 | 419.59 | NOTE | |||
r-devel-linux-x86_64-fedora-gcc | 1.1.3 | 436.42 | NOTE | |||
r-devel-windows-x86_64 | 1.1.3 | 31.00 | 270.00 | 301.00 | OK | |
r-patched-linux-x86_64 | 1.1.3 | 24.49 | 272.46 | 296.95 | OK | |
r-release-linux-x86_64 | 1.1.3 | 22.58 | 292.74 | 315.32 | OK | |
r-release-macos-arm64 | 1.1.3 | 97.00 | NOTE | |||
r-release-macos-x86_64 | 1.1.3 | 220.00 | NOTE | |||
r-release-windows-x86_64 | 1.1.3 | 42.00 | 344.00 | 386.00 | OK | |
r-oldrel-macos-arm64 | 1.1.3 | 104.00 | NOTE | |||
r-oldrel-macos-x86_64 | 1.1.3 | 147.00 | NOTE | |||
r-oldrel-windows-x86_64 | 1.1.3 | 44.00 | 319.00 | 363.00 | OK |
Version: 1.1.3
Check: package dependencies
Result: NOTE
Package suggested but not available for checking: ‘Nebulosa’
Imports includes 28 non-default packages.
Importing from so many packages makes the package vulnerable to any of
them becoming unavailable. Move as many as possible to Suggests and
use conditionally.
Flavor: r-devel-linux-x86_64-fedora-clang
Version: 1.1.3
Check: Rd cross-references
Result: NOTE
Package unavailable to check Rd xrefs: ‘Nebulosa’
Flavors: r-devel-linux-x86_64-fedora-clang, r-devel-linux-x86_64-fedora-gcc, r-release-macos-arm64, r-release-macos-x86_64, r-oldrel-macos-arm64, r-oldrel-macos-x86_64
Version: 1.1.3
Check: package dependencies
Result: NOTE
Package suggested but not available for checking: ‘Nebulosa’
Flavor: r-devel-linux-x86_64-fedora-gcc
Version: 1.1.3
Check: package dependencies
Result: NOTE
Packages suggested but not available for checking:
'dittoSeq', 'DropletUtils', 'Nebulosa'
Flavors: r-release-macos-arm64, r-release-macos-x86_64, r-oldrel-macos-x86_64
Version: 1.1.3
Check: package dependencies
Result: NOTE
Packages suggested but not available for checking:
'DropletUtils', 'Nebulosa'
Flavor: r-oldrel-macos-arm64