CRAN Package Check Results for Package sbtools

Last updated on 2021-09-20 15:53:11 CEST.

Flavor Version Tinstall Tcheck Ttotal Status Flags
r-devel-linux-x86_64-debian-clang 1.1.17 4.66 37.61 42.27 OK
r-devel-linux-x86_64-debian-gcc 1.1.17 3.26 29.30 32.56 OK
r-devel-linux-x86_64-fedora-clang 1.1.17 58.99 OK
r-devel-linux-x86_64-fedora-gcc 1.1.17 48.29 OK
r-devel-windows-x86_64 1.1.17 6.00 43.00 49.00 OK
r-devel-windows-x86_64-gcc10-UCRT 1.1.17 ERROR
r-patched-linux-x86_64 1.1.17 4.99 36.26 41.25 OK
r-patched-solaris-x86 1.1.17 77.00 OK
r-release-linux-x86_64 1.1.17 4.16 36.17 40.33 OK
r-release-macos-arm64 1.1.17 OK
r-release-macos-x86_64 1.1.17 OK
r-release-windows-ix86+x86_64 1.1.17 8.00 44.00 52.00 OK
r-oldrel-macos-x86_64 1.1.17 OK
r-oldrel-windows-ix86+x86_64 1.1.17 9.00 48.00 57.00 OK

Check Details

Version: 1.1.17
Check: whether package can be installed
Result: WARN
    Found the following significant warnings:
     WARNING: installation-time patches will not be applied, could not get the patches index
Flavor: r-devel-windows-x86_64-gcc10-UCRT

Version: 1.1.17
Check: PDF version of manual
Result: WARN
    LaTeX errors when creating PDF version.
    This typically indicates Rd problems.
Flavor: r-devel-windows-x86_64-gcc10-UCRT

Version: 1.1.17
Check: PDF version of manual without hyperrefs or index
Result: ERROR
    Re-running with no redirection of stdout/stderr.
Flavor: r-devel-windows-x86_64-gcc10-UCRT