CRAN Package Check Results for Package sbfc

Last updated on 2021-06-20 19:50:42 CEST.

Flavor Version Tinstall Tcheck Ttotal Status Flags
r-devel-linux-x86_64-debian-clang 1.0.2 48.20 84.61 132.81 OK
r-devel-linux-x86_64-debian-gcc 1.0.2 36.62 67.79 104.41 OK
r-devel-linux-x86_64-fedora-clang 1.0.2 180.52 OK
r-devel-linux-x86_64-fedora-gcc 1.0.2 166.03 OK
r-devel-windows-x86_64 1.0.2 61.00 101.00 162.00 OK
r-devel-windows-x86_64-gcc10-UCRT 1.0.2 OK
r-patched-linux-x86_64 1.0.2 39.02 82.12 121.14 OK
r-patched-solaris-x86 1.0.2 218.20 OK
r-release-linux-x86_64 1.0.2 36.17 82.51 118.68 OK
r-release-macos-arm64 1.0.2 NOTE
r-release-macos-x86_64 1.0.2 OK
r-release-windows-ix86+x86_64 1.0.2 107.00 162.00 269.00 OK
r-oldrel-macos-x86_64 1.0.2 OK
r-oldrel-windows-ix86+x86_64 1.0.2 82.00 0.00 82.00 OK

Check Details

Version: 1.0.2
Check: installed package size
Result: NOTE
     installed size is 5.8Mb
     sub-directories of 1Mb or more:
     data 2.0Mb
     libs 3.6Mb
Flavor: r-release-macos-arm64